98?
False
Does 4 divide 4608468?
True
Is 317276032 a multiple of 3?
False
Is 38 a factor of 56898628?
False
Does 43 divide 2529535415?
True
Is 3297 a factor of 436948113?
True
Does 1646 divide 498690088?
False
Does 1038 divide 509662854?
False
Does 5 divide 1859051479?
False
Is 225018969 a multiple of 19?
False
Is 969 a factor of 295218447?
True
Does 6 divide 43405650?
True
Is 14 a factor of 28071344?
True
Is 2006921730 a multiple of 11?
True
Does 33 divide 162841228?
False
Is 67883003 a multiple of 3?
False
Is 15201073 a multiple of 2094?
False
Is 11867417 a multiple of 8?
False
Does 48 divide 333284947?
False
Is 673420068 a multiple of 1674?
True
Is 136704024 a multiple of 24?
True
Is 1136 a factor of 1447264?
True
Does 30 divide 530158860?
True
Does 55 divide 1505896734?
False
Does 2 divide 13847380?
True
Does 71 divide 48657081?
True
Is 16107500 a multiple of 10?
True
Is 47038992 a multiple of 286?
True
Is 1127428290 a multiple of 492?
False
Is 16891753 a multiple of 47?
True
Is 21 a factor of 473374?
False
Is 35565609 a multiple of 6?
False
Is 170 a factor of 3945028160?
True
Does 256 divide 6062647?
False
Is 91 a factor of 146254653?
False
Is 27107971 a multiple of 196?
False
Does 3645 divide 101495025?
True
Is 77382960 a multiple of 23?
False
Does 686 divide 4493890?
False
Does 835 divide 65562544?
False
Is 64026194 a multiple of 149?
True
Is 84150945 a multiple of 45?
True
Is 148314024 a multiple of 72?
True
Is 8763674 a multiple of 19?
True
Does 35 divide 44523484?
False
Is 4 a factor of 4893992?
True
Is 11209095 a multiple of 5?
True
Is 152656 a multiple of 16?
True
Is 2 a factor of 54247716?
True
Does 21 divide 35576016?
True
Is 238218381 a multiple of 16?
False
Is 40 a factor of 436409798?
False
Is 11 a factor of 557605279?
True
Is 548309322 a multiple of 33?
True
Does 780 divide 268305180?
True
Is 79 a factor of 722913674?
True
Is 5644387 a multiple of 3?
False
Does 92 divide 85945020?
True
Does 159 divide 32661621?
True
Does 5767 divide 450506802?
False
Is 1098189300 a multiple of 9572?
False
Is 1175 a factor of 231825717?
False
Is 4704250 a multiple of 607?
True
Is 9 a factor of 172646362?
False
Is 170 a factor of 371564070?
True
Does 1010 divide 226111372?
False
Is 23932299 a multiple of 436?
False
Does 36 divide 171512136?
True
Does 18 divide 125339310?
True
Does 265 divide 839564585?
False
Is 206 a factor of 98519294?
True
Does 2468 divide 91923128?
True
Does 23 divide 64737870?
True
Is 26 a factor of 76423568?
True
Is 8684316 a multiple of 298?
True
Does 3649 divide 279900194?
True
Is 2098703 a multiple of 339?
False
Is 2699 a factor of 7619798?
False
Is 1701581 a multiple of 181?
True
Is 6026061 a multiple of 100?
False
Does 116 divide 24893640?
False
Is 57757217 a multiple of 216?
False
Is 6 a factor of 1480281978?
True
Is 38731166 a multiple of 319?
False
Does 54 divide 918760413?
False
Does 13 divide 1514252116?
True
Is 55381287 a multiple of 2175?
False
Does 35 divide 133175455?
True
Does 37 divide 3848767357?
False
Is 17421580 a multiple of 92?
True
Does 199 divide 1781882417?
True
Does 2 divide 2445561?
False
Is 91 a factor of 246787814?
True
Is 4097783437 a multiple of 166?
False
Is 7763104 a multiple of 35?
False
Is 6 a factor of 28445910?
True
Is 230 a factor of 3227017?
False
Does 5753 divide 1049970045?
False
Is 154644 a multiple of 263?
True
Does 1967 divide 416313943?
False
Is 14141875 a multiple of 19?
False
Is 2119934222 a multiple of 4291?
True
Is 897445586 a multiple of 549?
False
Is 19495168 a multiple of 88?
True
Is 1021 a factor of 1846736002?
False
Is 91902127 a multiple of 9?
False
Is 11209489 a multiple of 7?
False
Does 496 divide 86178512?
True
Does 127 divide 189530120?
False
Is 3268 a factor of 1132466576?
True
Is 5917080 a multiple of 260?
True
Is 1317774942 a multiple of 363?
True
Is 4056735 a multiple of 687?
True
Does 2638 divide 279202227?
False
Is 67 a factor of 208547952?
True
Is 40 a factor of 698224?
False
Is 1856 a factor of 40574016?
True
Is 103 a factor of 20883765?
True
Is 291 a factor of 3758804805?
True
Is 471681042 a multiple of 798?
True
Is 67 a factor of 72865337?
False
Is 129357430 a multiple of 74?
False
Is 97095118 a multiple of 20?
False
Does 60 divide 3899400?
True
Does 216 divide 18216144?
True
Is 716920761 a multiple of 271?
False
Does 38 divide 104978268?
True
Does 857 divide 191768096?
False
Is 4550253520 a multiple of 14701?
True
Is 138 a factor of 130460551?
False
Does 422 divide 190940913?
False
Is 435351575 a multiple of 523?
False
Is 270 a factor of 9901111?
False
Is 211 a factor of 16426772?
True
Is 83648250 a multiple of 630?
True
Does 80 divide 770439091?
False
Does 19 divide 1916266272?
False
Is 221812556 a multiple of 28?
True
Does 3 divide 2877255?
True
Does 82 divide 2569430535?
False
Does 195 divide 4649395964?
False
Does 13 divide 33532031?
True
Is 855759356 a multiple of 4308?
False
Is 685939900 a multiple of 475?
True
Does 3 divide 11229291?
True
Is 44221134 a multiple of 2916?
False
Is 5 a factor of 12654375?
True
Is 20876585 a multiple of 305?
False
Is 1819 a factor of 1052830975?
False
Does 340 divide 254935400?
True
Is 113 a factor of 723548453?
False
Is 678 a factor of 34772401?
False
Does 127 divide 206796050?
False
Is 152 a factor of 167246470?
False
Is 39966856 a multiple of 21?
False
Does 9 divide 191530921?
False
Is 107166714 a multiple of 191?
False
Does 3507 divide 2076528864?
False
Does 8 divide 80976441?
False
Is 57 a factor of 398494415?
False
Is 965 a factor of 181566680?
True
Does 18 divide 62235953?
False
Is 2160 a factor of 107012880?
True
Is 29318341 a multiple of 649?
False
Does 9 divide 56699825?
False
Is 21 a factor of 471558507?
True
Is 592 a factor of 519862432?
True
Is 127 a factor of 18093055?
True
Is 906 a factor of 107756922?
True
Is 526 a factor of 32216896?
False
Does 8 divide 20289849?
False
Is 32 a factor of 3480325?
False
Does 179 divide 2185011586?
False
Is 1989 a factor of 53193816?
True
Does 53 divide 1470038448?
False
Is 579164565 a multiple of 205?
True
Does 53 divide 468542737?
True
Is 4575716 a multiple of 43?
True
Does 1049 divide 35522793?
False
Is 227 a factor of 83412512?
True
Is 5 a factor of 3053536?
False
Does 59 divide 14042413?
True
Is 146 a factor of 5758432136?
True
Does 10 divide 9568197?
False
Is 611 a factor of 43384055?
True
Is 44 a factor of 23223948?
True
Is 44670463 a multiple of 1902?
False
Is 1156 a factor of 87041020?
True
Is 93 a factor of 216568263?
True
Does 23 divide 317033305?
False
Is 218568908 a multiple of 383?
True
Is 3324 a factor of 27316632?
True
Is 53 a factor of 41055106?
False
Is 7 a factor of 363152?
False
Is 37025568 a multiple of 48?
True
Is 4019535 a multiple of 5?
True
Does 8 divide 949989727?
False
Does 229 divide 523036?
True
Is 105881499 a multiple of 19?
False
Is 789 a factor of 5990877?
True
Is 172061000 a multiple of 730?
True
Is 6412812 a multiple of 43?
False
Does 31 divide 5176796?
False
Is 27044079 a multiple of 702?
False
Is 1594216224 a multiple of 64?
False
Does 642 divide 541601472?
True
Is 39412407 a multiple of 19?
False
Is 150 a factor of 5598150?
True
Is 954477 a multiple of 9?
True
Is 25876168 a multiple of 7?
False
Is 17003286 a multiple of 3062?
True
Is 39396272 a multiple of 79?
False
Does 3031 divide 730610426?
True
Is 9903096 a multiple of 36?
True
Is 140 a factor of 76551020?
True
Is 1860683568 a multiple of 4076?
False
Is 630105401 a multiple of 158?
False
Is 7 a factor of 208474?
True
Does 120 divide 8933160?
True
Is 223189890 a multiple of 5?
True
Is 4597624 a multiple of 4?
True
Is 1394425306 a multiple of 5389?
True
Is 6042003836 a multiple of 3187?
True
Is 681340848 a multiple of 172?
True
Is 191 a factor of 93160441?
True
Is 9 a factor of 125787766?
False
Does 4 divide 869713324?
True
Is 1643096032 a multiple of 15122?
True
Is 17 a factor of 75038051?
True
Is 16595403 a multiple of 9?
False
Is 88313322 a multiple of 1372?
False
Is 309 a factor of 182207721?
True
Is 350438893 a multiple of 57?
False
Does 897 divide 186126392?
False
Is 1944 a factor of 994576571?
False
Is 348 a factor of 188413464?
True
Is 962920619 a multiple of 226?
False
Does 195 divide 509306850?
True
Is 1405 a factor of 24490135?
False
Is 4726254 a multiple of 59?
True
